t is the units digit of p?
0
Let y(f) = f**3 + f**2 - 4*f + 3. Let z be y(4). Suppose 142 - 106 = -o. Let j = z + o. What is the units digit of j?
1
Let b be (-48)/(-8)*(-6)/9. Let i be 346 + b + -2 + 4. Suppose -i = -4*p - 5*j + j, -4*p + 5*j = -353. What is the units digit of p?
7
Suppose 4*o - 38 = -5*a, 47 = 5*a - 0*o + o. Let w(y) = -455*y + 3824. Let f be w(8). Let z = a + f. What is the hundreds digit of z?
1
Let p(m) = -m + 0*m**3 + 53*m + m**3 + 681*m**2 - 346*m**2 - 7 - 314*m**2. What is the hundreds digit of p(-15)?
5
Let f = -3737 + 6855. What is the tens digit of f?
1
Let u(t) = -t**3 - t. Let d(h) = -37*h**3 - 3*h**2 - 2*h - 1. Let w(v) = -d(v) + 4*u(v). Suppose 5*k - 85 = -80. What is the tens digit of w(k)?
3
Let m = 40 + -31. Suppose -8*r + m*r - 193 = 0. What is the hundreds digit of r?
1
Let x(u) = 10*u + 6. Let r = 70 + -65. Let f be x(r). Let w = 105 - f. What is the tens digit of w?
4
Let v(s) be the first derivative of 29*s**2/2 - 20*s - 3. Let a be v(12). Suppose -3*f - 11 = -5*d + a, 3*d = 4*f + 199. What is the tens digit of d?
6
Let d(a) = 4*a**3 + 5*a**2 + 11*a + 24. Let g(c) = -9*c**3 - 11*c**2 - 22*c - 48. Let m(r) = -5*d(r) - 2*g(r). What is the units digit of m(-8)?
6
Suppose -2*b - 38 = -18*g + 17*g, 19 = -b - 2*g. Let x = 1745 + b. What is the hundreds digit of x?
7
Suppose 75 = 10*q - 155. Let v(y) = -2*y + 39. Let u be v(q). What is the tens digit of 3/14*-2 + (-311)/u?
4
Suppose -969 = -5*j + 3*k + 2807, 0 = -4*j + 2*k + 3020. Let f be 0 + 2/(-1) + j. Suppose -9*g + f = -g. What is the units digit of g?
4
Let a be (15/2 + -7)*0. Suppose a = -22*v - 9*v + 12586. What is the units digit of v?
6
Suppose -r = 2*q - 10864, -2 - 2 = 2*r. What is the units digit of q?
3
Let o = -87 + 91. Let s be ((-5)/10)/(o/(-40)). Suppose 0 = l + 5*c - 87, -32 = -l + 5*c + s. What is the tens digit of l?
6
Let o(r) = 8*r**2 + 7*r + 18. Let j be o(11). Suppose 3 - j = -10*d. Let v = d + -16. What is the tens digit of v?
9
Let x(k) = -7*k**3 - 107*k**2 + 6*k - 251. What is the tens digit of x(-21)?
6
Let q = -228 + 223. Let j(s) = -150*s + 47. What is the units digit of j(q)?
7
Let x(g) = 2*g**2 - 35*g + 22. Let h be x(17). Suppose 2*p = t - h*t + 1020, -4*p + 2080 = -2*t. What is the hundreds digit of p?
5
Suppose -3*r - 110*r + 5101032 = 1346155. What is the hundreds digit of r?
2
Let o be (-16)/(-2)*56/16. Let c = o - 19. Suppose 0 = 3*u - c*u + 576. What is the units digit of u?
6
Let u = 1810 - 887. Let l = -303 + u. Suppose -2*b = -4*y + l, 0 = 5*b - 0 + 20. What is the hundreds digit of y?
1
Suppose -2*y + 81 = -y. Suppose 4*v + 31*r - 26*r + 246 = 0, 5*r - 202 = 3*v. Let c = y + v. What is the tens digit of c?
1
Let x(o) = 115*o + 1529. What is the hundreds digit of x(0)?
5
Let j(k) = k**2 - 55*k + 514. What is the units digit of j(56)?
0
Let k(f) = -2*f + f**3 + 6*f**2 - 4 - 2*f**2 + 3 + 5. What is the hundreds digit of k(5)?
2
Suppose 0 = -x - z - 235, -2*z = 4*x - 7*z + 958. Let t = x + 560. What is the units digit of t?
3
Let u(q) = -20*q - 7. Let c(n) = n + 1. Let z(i) = -2*c(i) + u(i). What is the units digit of z(-4)?
9
Let i = 201 - 178. Suppose 0 = 16*o - i*o + 2541. What is the units digit of o?
3
Suppose 93462 = 7*k + 16840. Suppose 53*x + k = 66*x. What is the tens digit of x?
4
Let q be (-1 - 0)*(-162)/(5 + -2). Let a = 56 - q. Suppose 4 = a*g - 4, -f + 75 = -5*g. What is the tens digit of f?
9
Let n = -1 + 3. Suppose -2*z - 193 = -2*s + 91, -n*s - 580 = 4*z. Let t = -79 - z. What is the tens digit of t?
6
What is the tens digit of 26126 + -4 + 7 + -5?
2
What is the tens digit of -4 - (-6363 + (-2)/19 + (-336)/57)?
6
Suppose 0 = -u - 3*i + 4819, 4*u + i - 14803 = 4462. What is the tens digit of u?
1
Suppose -64*w - 184345 = -29*w - 1628235. What is the tens digit of w?
5
Let s(n) = -3*n**2 - 11*n - 23. Let y be s(-12). Let x = 355 + y. What is the tens digit of x?
3
Suppose -424*f = -439*f + 74520. What is the thousands digit of f?
4
Let o(w) = w**3 - 4*w**2 - 3*w + 7. Let p be o(6). Let r = -99 - -169. Let h = r - p. What is the units digit of h?
9
Suppose -m + 34 = -6*m - 3*d, m + d = -8. What is the tens digit of -66*(-5 + (m - (-1 + 4)))?
5
Let h = 12 - -3. Let k(r) = 12*r**3 - 48*r**2 + 8*r - 12. Let n be k(4). What is the tens digit of (2/(n/h))/(6/128)?
3
Suppose 4*r + 4*q = 7*r - 4330, r - 5*q - 1425 = 0. Suppose -2*j + j = 5*u - 374, 0 = 4*j - 3*u - r. What is the units digit of j?
4
Suppose -13*t + 10*t - 96 = 0. Let s = t - -32. Suppose s = 3*h + 15, 0*v - 3*h = 3*v - 156. What is the units digit of v?
7
Suppose 11*l - 50404 + 12773 = 0. What is the tens digit of l?
2
Suppose 5*c - 1617 = i + 1832, 2*i - 681 = -c. What is the units digit of c?
9
Suppose 7*f - 3*f + 4 = 0, h + 4*f = -45. Let v = h - -43. What is the tens digit of 92 - v/(-3 + 4)?
9
Let h = 23 - 30. Let g = -22 + 22. What is the tens digit of h/2*(g - 14)?
4
Suppose 0 = 9*k - 7*k - 18. Suppose 4*t - 4*j - 21 = -j, 5*j + k = -2*t. Suppose p = 5*d - 570, -t*p - 560 = -3*d - 2*d. What is the tens digit of d?
1
Let c = -5625 + 6892. What is the hundreds digit of c?
2
Suppose 5*a + 17 = 2*n, -5*a + 11 = -4. Let k be (285/(-20))/((-1)/n). Let b = k + -133. What is the units digit of b?
5
Let r be (504/16)/((-2)/1188). What is the units digit of 11/(-4) + 3 - r/36?
0
Suppose 19*x + 36972 - 126891 - 55393 = 0. What is the tens digit of x?
4
What is the ten thousands digit of ((-10663)/2)/(13*4/(-104))?
1
Let j be 2/(2*-1) - -4. Let u(d) = d**2 - 18*d + 213. Let s be u(21). Suppose j*p = 9*p - s. What is the units digit of p?
6
Suppose 116*m = 127*m - 9295. What is the units digit of m - -1*(-4)/2?
3
Suppose 2*p - 19029 = 10207. What is the thousands digit of p?
4
Let u(z) = -7*z - 612. Let s be u(56). Let r be 2 + -2 - (-3 + 1). What is the units digit of s/(-6) + 1*r/3?
8
Let u(b) = 16*b - 13. Let f be u(5). Let s = 42 - 40. Suppose -s*x + x = -f. What is the units digit of x?
7
Suppose -s - 13 = 5*q - 15, 3*q + 2*s - 4 = 0. Suppose 3*d + 4*b = 868, -2*d = -q*d + 2*b - 576. What is the tens digit of d?
8
What is the units digit of 5 + (-35)/5 - 52112*(1 + -2)?
0
Suppose 89*i - 4780 - 741841 = 0. What is the thousands digit of i?
8
Let r(c) = 2. Let y(x) = 10*x - 2. Let t(a) = -2*r(a) + y(a). Let n = 27 - 14. What is the tens digit of t(n)?
2
Suppose 84*b - 89*b - 45 = 0. Let l(g) = -3*g**3 - 6*g**2 + 17*g - 22. What is the thousands digit of l(b)?
1
What is the units digit of (-18)/(-12)*(-4)/(-48)*-4*-9780?
0
Suppose -13*f = -48*f - 35. What is the units digit of (9/(-6))/(f/530)?
5
Suppose r = -3, -2*r - 1305 = 3*w + 2*r. Let c = w + 629. Suppose 9*p - 333 - c = 0. What is the units digit of p?
9
Suppose 5*c - 2*n = 29877, 4*n + 4331 = c - 1648. Suppose 9*w - c = 1261. What is the tens digit of w?
0
Suppose 0*m - 157 = 3*m + y, -4*m = -3*y + 231. Let c = 226 - m. What is the hundreds digit of c?
2
Suppose -5*z + 28 = 18. What is the tens digit of z*(3000/(-56))/((-4)/14)?
7
Suppose 0 = 3*p - 6. Let g be p*(15/(-6) - -1). Let j = g - -11. What is the units digit of j?
8
Let f(t) = 5*t**2 - 24*t + 7. Let l = 67 - 60. What is the units digit of f(l)?
4
Let x(r) = 24*r**2 - 88*r - 977. What is the hundreds digit of x(-26)?
5
Suppose -17*j + 67626 = -11475. What is the units digit of j?
3
Let z(m) = -3*m**3 - 6*m**2 - 9*m - 5. Suppose 16*c + 10 = -86. What is the tens digit of z(c)?
8
Suppose 2*w = 4*y - 42, 28 - 75 = -5*y - 3*w. Suppose y*m = -4*v + 6*m + 4144, -4*m = -2*v + 2084. What is the thousands digit of v?
1
Let o(t) = 1523*t**3 + 15*t**2 - 12*t - 2. What is the hundreds digit of o(1)?
5
Let k(b) = -b**3 - 27*b**2 - 2*b - 53. Let z be k(-27). What is the units digit of (z + 29)*1166/33?
0
Suppose -4*y + 0*y = d - 4720, d - 4719 = -3*y. What is the tens digit of d?
1
Let p be (1 + -2)*(-228)/(-8)*-2. What is the units digit of (347 + 4)*133/p?
9
Let i(p) be the second derivative of 0*p**2 + 1/20*p**5 + 7/6*p**3 + 2*p + 1/2*p**4 + 0. What is the units digit of i(-3)?
6
Suppose 0 = 20*p - 3379 - 17001. Suppose 1731 = 5*j - t - 3364, -p = -j + t. What is the tens digit of j?
1
Let z be (1*6)/(15/((-23475)/(-10))). Let l = z + -646. What is the hundreds digit of l?
2
Let p(q) = -452*q**2 - 3*q - 1. Let o(f) = 226*f**2 + 2*f + 1. Let l